 0 = -t*r + 196*r - 10324. Is r a prime number?
False
Suppose -2*l - h - 18 = -5*h, 3*h + 84 = -5*l. Let u(a) = -a**3 - a**2 - 36*a - 7. Is u(l) composite?
True
Let y(j) = 394183*j**2 - 71*j + 233. Is y(3) composite?
False
Let u = -241 - -238. Is (5 + (-458)/3)*u a composite number?
False
Suppose 0 = 5*i + 5*b - 525865, 4*i + 2*b - 236710 = 183968. Is i a composite number?
True
Let h(g) = 59*g**3 - 2*g**2 + 24*g - 510. Is h(29) prime?
False
Suppose 17*k = -2*l + 15*k + 205936, 2*l - 205924 = 10*k. Is l a prime number?
True
Let j = 331304 - 234439. Is j a prime number?
False
Let x = 209 - 197. Suppose 0 = -x*a + 4*a + 52040. Is a a prime number?
False
Let i = -742266 + 1159609. Is i prime?
False
Let o be ((-7)/(-14))/((-2)/96). Let g = o + 32. Is (g/14)/((-30)/(-5565)) composite?
True
Suppose 975*m = 971*m + 774268. Is m composite?
True
Let c be (4/10)/1*2*5. Suppose -5*y + h + 26270 = 3*h, 20993 = c*y - 3*h. Is 6/(-10) - (y/5)/(-4) prime?
False
Let v(u) = 4414*u**3 - u**2 - 76*u + 344. Is v(5) composite?
False
Let u(y) = y**3 + 29*y**2 + 7*y - 11. Let f be u(-15). Suppose 10*k - 12*k + f = 0. Is k a composite number?
True
Let n(a) = -259*a - 20. Let u(q) = -q**3 + q + 12. Let r be u(0). Let b be n(r). Is b/(-5) + 4/10 a composite number?
True
Let w be (-6)/(-4) + ((-2804970)/(-20))/19. Suppose 36797 = 4*u - 3*j, -5*u + w = 2*j - 38596. Is u a prime number?
False
Let o(i) = 3212*i - 3. Let y be o(1). Suppose 7*b + y - 22837 = 0. Suppose -4*q = -2*n + q + 5553, n = -3*q + b. Is n a prime number?
True
Let j(z) = 4*z**2 - z - 34. Let i be j(13). Let b = -438 + i. Is b a prime number?
True
Let r = 183746 + -67587. Is r prime?
True
Suppose 29*j + 4053800 = 5*y + 24*j, 4*y - 3243043 = 3*j. Is y prime?
True
Suppose -4298 + 112272 = j. Is j prime?
False
Suppose 51*a - 96347839 = -161*a - 1126131. Is a prime?
False
Let j(y) = 5*y + 10. Let z be j(7). Suppose -6*w + w = -z. Suppose -l - w*l + 4170 = 0. Is l a composite number?
True
Let d(k) = 406*k**2 + 2*k + 21. Let f(y) = 408*y**2 + y + 19. Let b(c) = -4*d(c) + 5*f(c). Is b(-4) prime?
True
Let p be -6*((-32)/80 - (-38)/(-30)). Is 32/(-40) - (-10598)/p prime?
False
Suppose g = -5*q + 10771, -2*q - 3*g - 2*g = -4290. Suppose 2*b = 3327 + q. Is b a composite number?
False
Suppose 0 = 353*h - 351*h - 10. Let s(j) be the first derivative of 191*j**2/2 + 12*j - 1. Is s(h) composite?
False
Let y be (-24)/18 + 9980706/(-18). Is (-1)/14 + y/(-602) a composite number?
True
Suppose h + 523118 = 5*z, -4*h = 4*z - 50939 - 367541. Is z prime?
True
Let u = 423 - 415. Suppose -u*f + 45057 = 1417. Is f a composite number?
True
Suppose 4*m = 2*c - 16 - 378, m + 76 = -4*c. Let i = 19 - m. Is i a prime number?
False
Suppose 7 = -84*d + 85*d. Suppose -d*i - 16169 = -26*i. Is i composite?
True
Let f(o) = 11*o**3 - 7*o**2 + o + 8. Suppose 37*v - 24*v - 65 = 0. Is f(v) a prime number?
True
Let z(a) = 1954*a**2 + 4*a - 8. Let r be z(2). Is (r + 1)/(5/5) composite?
False
Is (8111588000/3000)/(8/6) a prime number?
True
Suppose 6*w - 2*w = 0, -2*a - 216*w + 334946 = -220*w. Is a a composite number?
True
Let w(n) = 110355*n**2 - 130*n - 132. Is w(-1) prime?
False
Let n(b) = 18*b**2 + 25*b + 233. Is n(-46) a prime number?
True
Suppose 556*c - 554*c - 144698 = 0. Is c prime?
False
Let y = 4666 - 3205. Is y prime?
False
Suppose -2*j + 2*w + 4 = 0, 3*j + j = -4*w - 8. Suppose j = -4*o - 0*o + 5*n - 24, o - 11 = -3*n. Is o/(-4) + (-7)/28 + 6139 a composite number?
True
Let v be (-1)/(105/(-154) - 4/(-22)). Is (2 - v - -3) + 2558 a prime number?
False
Suppose 123*x = 129*x - 968646. Is x a composite number?
True
Let b = -125 + 127. Suppose 3*k + 4*n = n + 13602, k - 4533 = -b*n. Is k a prime number?
False
Suppose -5*o = 2*d + 677561, 0 = -4*o + 5*d - 248036 - 294026. Is (-4)/26 + (-8 - o/91) a prime number?
True
Suppose 3*z + 25*q = 22*q + 4650, 3*q + 1570 = z. Is z prime?
False
Let z(c) = -12976*c + 17. Let t be z(-3). Suppose -47*d = -42*d - t. Is d a composite number?
False
Suppose 16*x = 1224 - 27544. Let w = 1438 - x. Is w prime?
True
Let g = -1676185 - -2533922. Is g a composite number?
False
Let x = 208 + -214. Let t(u) = -363*u + 41. Is t(x) a composite number?
True
Let b(d) = -d**2 + 8*d - 9. Let l be b(7). Let f be -5 - (l + 0) - -1231. Suppose 0 = -4*q - 4*u + 1236, -4*q - 2*u = -0*q - f. Is q composite?
True
Let w(p) = 8161*p**2 + 21*p - 3. Is w(-2) prime?
False
Let k(q) = q**2 - 12*q + 18. Let g be k(8). Let j be 2/((-4)/3) + (-19215)/g. Let h = j + 944. Is h a composite number?
True
Suppose 0 = 17*w + 61*w - 17158097 - 8347357. Is w a composite number?
False
Let l be (0 - (3 - 4))*1000. Suppose 2*o + 4*x - l = -2*o, -2*o = 4*x - 510. Suppose 5*g - 196 = -3*k + 49, 0 = 5*g - 2*k - o. Is g composite?
True
Let d be (28/8)/(42/12). Is 4171 - (-6 - d) - 1 composite?
False
Suppose 633816 = 101*z - 164185. Is z prime?
True
Let v(i) = -i**3 + 2*i**2 + i + 5. Let g be v(0). Suppose -g*x - 3*w = -2203, 2*x - 2*w - w - 898 = 0. Is x prime?
True
Let b(p) be the third derivative of 53*p**8/6720 + p**7/720 - p**6/720 + 8*p**5/15 - 20*p**2. Let f(j) be the third derivative of b(j). Is f(2) prime?
False
Let g(q) = -1714*q + 125. Is g(-9) composite?
False
Let l(q) = -60893*q + 3505. Is l(-38) a composite number?
False
Let t be 9104/(-10) - 22/(-55). Let c be 33/11 - 6*4. Let r = c - t. Is r prime?
False
Is (1 + 50511/2)*(-235 + 237) composite?
False
Suppose 0 = 3*k + 5*m + 16, -k + 2*m + 12 = -5*k. Let s(l) = -1933*l - 3. Is s(k) a prime number?
True
Let o(q) = q**3 + 5*q**2 - 7*q + 2. Let t be o(-6). Suppose 0 = -4*k - 4*c + 24120, 12067 = 2*k + t*c - 13*c. Is k a composite number?
True
Let l(n) = -n**2 - 11*n + 114. Let o be l(-18). Is -3 + (-4 - (-18104)/o)*-6 a composite number?
True
Let w be ((-16)/24*3*43)/1. Let a = w - -90. Is 4/(8/a + (-144)/73) a composite number?
True
Let m(z) = -139 + 514*z - 833*z + 511*z. Is m(26) prime?
False
Suppose 0 = 5*a - 3*i + 11, 2*a + i - 2*i = -5. Let o(r) = r**2 + 5*r + 1. Let f be o(a). Is ((-5)/(-15))/(f/(-8001)) a composite number?
True
Let v = 217098 - 115831. Is v a prime number?
True
Is 8 - (10 - 5) - -8 - -308108 a prime number?
False
Is 111931 + (0 - -1) + 22/(198/45) composite?
True
Let u = -369899 + 607008. Is u prime?
False
Let i(f) = 21*f**2 - 25*f - 461. Is i(-34) composite?
True
Let m(f) = -49*f**2 - 4*f - 101. Let r be m(-8). Is (r/30)/((-4)/24) prime?
True
Let j(s) = 3*s**2 + 6*s - 40. Let t be j(4). Suppose -2559 = -35*g + t*g. Is g a composite number?
False
Let h = -208 - -205. Let l be -1 + 18 - (-3 + 2). Is (-3)/(l/2918)*h a composite number?
False
Let w = -1913 - -4992. Is w a composite number?
False
Let k(y) = -32*y - 5. Suppose 0 = 4*s - 2*i + 2, -3*i + 9 = -0*i. Let d be (-134)/12 - s/(-6). Is k(d) a prime number?
True
Let u = 290 + -281. Suppose -68250 = u*k - 353271. Is k a prime number?
False
Let z(s) = s**3 - 17*s**2 + 5*s - 26. Let c be z(15). Let f = -103 - c. Is f composite?
True
Is (-890410)/2*(-15 + 1406/95) a prime number?
True
Let u = 182 - 34. Suppose u*f + 177102 = 166*f. Is f a composite number?
False
Let z = -935 + -3415. Let f = z + 13459. Is f a composite number?
False
Suppose 0 = -4*n - 3*b + 770, 531 = -5*n + 3*b + 1480. Is n prime?
True
Let b(x) = -14*x + 113. Let g be b(7). Suppose -g*l = -11*l - 12988. Is l a prime number?
False
Let k = 67 + -75. Let c be (k/10)/(174708/(-34940) - -5). Suppose 2*h - 2 = 0, 0*s + 3*s - h = c. Is s prime?
False
Let n = -103 - -180. Let p = -89 + n. Is 436/(-6)*p - (1 + 2) prime?
False
Suppose -637*r + 642*r + 10 = 0. Is 8/(-24)*0/r - -4627 composite?
True
Let o = 129729 + -87928. Is o composite?
False
Let a(h) = h**3 + 10*h**2 + 24*h + 2. Let o be a(-6). Suppose -o*m - 2*m = -j + 27, 2*j = -4*m + 42. Is j composite?
False
Let t(z) = -1092*z - 1255. Is t(-23) prime?
False
Let h(p) = -5322*p - 977. Is h(-4) a composite number?
True
Suppose 0 = -c - 5*s + 11394, -3*c + 36099 = 2*s + 1982. Is c a prime number?
True
Let k(u) = -u**3 - 11*u**2 - 9*u + 7. Let t = 14 + -24. Let y be k(t). Is 58*69/(-18)*y a prime number?
False
Let d = 18 + -11. Let m be 12 + 524 + (-9 - -5). Is m/9 + d/(-63) a composite number?
False
Let y(c) = -574*c - 981. Is y(-16) composite?
True
Let i(s) = -1734*s - 1237. Is i(-30) a prime number?
False